e 0 = -2*n - 0*n + f. Suppose 6 = 3*i - n. Calculate u(i).
0
Let i(r) = 32*r - 30 + 27 - 38 - 20*r - 18*r. Give i(-6).
-5
Suppose -10 - 11 = -7*l. Let d(c) be the third derivative of c**5/20 - c**4/12 + 2*c**3/3 - 192*c**2. What is d(l)?
25
Let l(c) = -46 - 43 + 160 - 56 - 3*c. Give l(17).
-36
Suppose 5*q - 4*l = 32, 1386*q + 3*l + 13 = 1387*q. Let u(j) be the second derivative of j**5/20 - 5*j**4/12 + j**3/3 + j**2 - j. Determine u(q).
-6
Let u(n) = n - 1. Suppose -6*g = g - 7. Let t(r) = -5*r + 17. Let o(p) = g*t(p) + 6*u(p). Determine o(-7).
4
Suppose -s = 4, 3*p - 3*s - 22 = -10. Let c(b) = 11*b + b**2 - 8*b + 4*b**3 + 2 - 2*b - 3*b**3. Calculate c(p).
2
Let v(j) be the second derivative of 1/12*j**4 - 206*j - 1/2*j**2 + 1/3*j**3 - 1/20*j**5 + 0. Calculate v(-2).
7
Let l(t) = -t**3 - 7*t**2 + 2*t + 44. Let x = -1837 - -1831. Give l(x).
-4
Let g = 10295 + -10304. Let w(s) = s**2 + 8*s + 34. Determine w(g).
43
Let y = -513 + 531. Let h(l) = l**3 - 15*l**2 - 56*l + 43. What is h(y)?
7
Suppose 12*c - 1305 = -1509. Let w(i) = 2*i - 13. What is w(c)?
-47
Let h(j) = -3*j**2 - 15*j + 53. Let t(g) = 16*g**2 + 73*g - 262. Let p(n) = -11*h(n) - 2*t(n). Calculate p(-21).
-17
Let m(f) = -12*f + 1. Let q(c) = c**2 - 10*c + 9. Let s be q(10). Suppose 0*v + 3*v + 5*i = -s, -4*i - 20 = -4*v. Calculate m(v).
-23
Let u(h) be the third derivative of h**4/12 + 5*h**3/2 + h**2. Suppose 0 = 5*o + 5*p + 135, -30*o - 3*p = -32*o + 11. Calculate u(o).
-13
Let p(t) be the third derivative of -9*t**4/8 - 3*t**3/2 - 2*t**2 + 143*t. What is p(2)?
-63
Let q(g) = 26*g - 90*g + 15 + 41*g - 5*g**2 + 33*g. Give q(-2).
-25
Let o be (8 - 6) + 6*1/(-1). Let i be (18/o)/((-33)/(-66)). Let a(l) = l + 21. Give a(i).
12
Let c(i) = 4*i**3 + 2*i + 1. Let x(n) = -4 + 5 - 8 + 3*n - 12*n. Let y be x(-2). Suppose -12 = y*s - 1. Calculate c(s).
-5
Let j(z) = -16*z - 4. Let h(s) = -17*s - 5. Let n(k) = 4*h(k) - 5*j(k). Let w be (2/10)/(15/(-75)). Determine n(w).
-12
Suppose -5*t = 2*a - 51, -491*t - 27 = -493*t - 3*a. Let f(i) = -33*i + 310. What is f(t)?
13
Let d(k) = k**2 + 4*k + 15. Suppose 3*u = -m - 27, -6*m = 3*u - 4*m + 33. What is d(u)?
36
Let b(n) be the third derivative of n**6/60 + 7*n**5/60 + n**4/24 + n**3 + 309*n**2 - 5*n. Give b(0).
6
Let d(c) = 0*c - 43132 + 2*c + 0*c + 43109. Calculate d(9).
-5
Let q(d) be the second derivative of 0 + 11*d - 1/2*d**2. Let u(c) = -5*c**2 - c + 2. Let b(s) = -2*q(s) - u(s). What is b(-1)?
4
Let z(j) be the second derivative of -j**4/12 - j**3/3 + j**2 + 33*j. Suppose f - 1 = -0*f. Let h be (f + -1 + -2)*2. What is z(h)?
-6
Let d(h) = -2*h**2 + 2*h. Let x(i) = -i**3 + 26*i**2 - 30*i + 128. Suppose 4*c = 3*n - 55, 3*n + 3*c - 40 = 2*n. Let y be x(n). What is d(y)?
-12
Let x be (-7 - 949/(-143))*-11. Let h(t) = -5*t**2 + t - 2. Give h(x).
-78
Let h(y) = y**3 + 11*y**2 - 7*y + 5. Let d be h(2). Suppose 70 = -9*r + d. Let n(c) = -c**3 - c**2 + 5*c + 5. What is n(r)?
8
Let q = -18269 + 18272. Let v(z) = z**3 + 2*z**2 + 3*z + 4. Give v(q).
58
Let s(u) = u**3 + 8*u**2 + 19*u - 4. Let j(x) = -5*x**3 - 40*x**2 - 101*x + 20. Let i(q) = -2*j(q) - 11*s(q). Let t(l) = -8*l + 1. Let y be t(1). Give i(y).
4
Let a(k) = -332*k - 133. Let j(u) = 101*u - 1. Let z(q) = a(q) + 3*j(q). Determine z(-5).
9
Let d = -141 - -145. Let f(j) = 3*j**3 - 5 + 10*j**2 - d*j + j**3 - 5*j**3 - 4. Calculate f(9).
36
Let p = -588 - -634. Suppose 658 - 106 = p*i. Let y(o) = o**2 - 13*o. Calculate y(i).
-12
Let w(c) = c**2 + 5*c + 6. Let b be -5*(5 + 84/(-20)). Let z be 22/(-5) + ((-126)/35 - b). Determine w(z).
2
Let k be -2*((14/10 - 0) + 58/(-145)). Let h(d) = 3*d**3 + 4*d**2 - 3*d - 3. Give h(k).
-5
Let c = 20207 - 20222. Let x(y) = -6*y + 2. What is x(c)?
92
Let n be -3*6/(72/60). Let w(c) = c**3 + 16*c**2 + 15*c + 14. What is w(n)?
14
Let v(o) = 2*o**2 + 2*o - 3. Suppose -1020 = -5*h - 3*x, x = 3*h + 4*x - 612. Let k = h - 207. Give v(k).
9
Let g be 1/3 - (-196)/(-21). Let i be 2 - (0/(-2) - 0). Let r(w) = 27 - 11 + 3*w - 29 - i*w. Give r(g).
-22
Let a(n) = n**2 + n - 6. Suppose 6*b + 4*b = -b. Suppose b = 2*h + 2*z + 6, h - z = 4*h + 3. What is a(h)?
-6
Let z(h) = -2*h + 3 - 4*h**3 + 2*h**3 + 2*h**2 + 0 + 0*h**2. Suppose -u + 2 = -2*q, -9*u + 6*u = 3*q - 6. Calculate z(u).
-9
Let o(w) = w**2 + 2*w - 123. Let f(y) = y**2 + 3*y - 90. Let h(c) = 4*f(c) - 3*o(c). Suppose -2*n = -4 + 10. Calculate h(n).
0
Let w(f) = -f**3 + 4*f**2 - 7. Let s be (-18)/(-2)*(-1680)/72. Let q = s + 214. What is w(q)?
-7
Let c be 1 + -3*(-6)/(-9). Suppose k = 4 - 3. Let p(q) = -3*q**2 - k + 0 + 12*q**2 - 7*q**2. Determine p(c).
1
Let s(f) = -f + 1. Let a(m) = 23*m - 15. Let d(c) = -a(c) - 6*s(c). Let b be d(-6). Let o(r) = -2*r + 57 - b + 55 - 3*r**3 + r**2. What is o(2)?
-23
Let w(z) = 5*z + 20. Let f = -21544 + 21544. What is w(f)?
20
Suppose 3*s + 472*d = 470*d + 26, -2*s + 16 = d. Let m(h) = h**3 - 3*h**2 - 15*h + 6. Calculate m(s).
24
Let g(u) = -60*u + 244. Let t be g(4). Let p(z) = 2902*z - 4 + t - 2905*z. What is p(-1)?
3
Let x(i) = -5*i - 6. Let u = -75 + 71. Let r(k) = -9*k - 11. Let b(f) = u*r(f) + 7*x(f). Determine b(-4).
-2
Let j(f) be the second derivative of f**3/2 + 3*f**2/2 - 2*f. Let l = 3407 - 3411. What is j(l)?
-9
Let v(l) = 9*l - 50. Let d be (1 + 66/(-10))*(22 - (-1127)/(-46)). Calculate v(d).
76
Let p = -51 - -16. Let m be (p/10 + 2)/(1/(-4)). Suppose 5*w + 3*d = m*d - 28, -3 = -3*d. Let t(i) = -i - 4. Give t(w).
1
Suppose -h + 5 + 4 = 0. Let b(z) = -17*z**2 - 36*z + 23. Let l(j) = -7*j**2 - 18*j + 11. Let t(p) = -3*b(p) + 7*l(p). Calculate t(h).
8
Let s be 5/10*8 + -2. Suppose 0 = s*k - 3*x - 416, -x - 420 = 4*k - 6*k. Let j(v) = v - 2*v - 220 + k. Give j(0).
-9
Let q(b) = -b**3 - 13*b**2 - 12*b - 10. Suppose 178 + 155 = 9*i. Let u = i + -40. Let h(j) = 9*j + 15. Let x be h(u). Determine q(x).
-10
Let z(w) = w**3 + 4*w**2 - 8*w - 7. Suppose -13*t + 3*c + 120 = -17*t, -c = 0. Let u be t/(-8)*156/(-117). Calculate z(u).
8
Let i(z) be the second derivative of z**5/20 - 3*z**4/4 + z**3 + 8*z**2 - 949*z. Calculate i(7).
-40
Let h(t) = -2*t**2 + 14*t + 2. Let g(a) = 3*a**2 - 15*a - 4. Suppose 0 = 24*k - 49 - 47. Let j(v) = k*h(v) + 3*g(v). Give j(-11).
-4
Let t(x) be the third derivative of -x**4/24 - x**3/3 - 27*x**2 + 2. Let s = -5 + 5. Suppose -2*u - 2 - 2 = s. Calculate t(u).
0
Let w(r) = 15*r**2 + 22 - 285*r + r**3 + 100*r + 102*r + 104*r + 3*r**2. Give w(-17).
-46
Let o(q) = q + 10. Let b(r) = -2*r - 14. Let k(g) = -2*b(g) - 14*o(g). Determine k(-11).
-2
Let n(u) = u**3 + 13*u**2 - 12*u + 13. Suppose 0 = 16*a + 1195 - 971. Calculate n(a).
-15
Let i(a) = -a**3 + 5*a**2 - 2*a + 3. Let b be i(5). Let v(l) be the first derivative of l**4/4 + 7*l**3/3 - l**2 - 14*l - 66954. Determine v(b).
0
Let z(h) = 17*h**2 - h - 1. Let d = -127 + 120. Let q(y) = y**2 + 6*y - 8. Let s be q(d). Calculate z(s).
17
Let y(r) = -2*r**3 - 5*r**2 - 7*r - 4. Let x be 1/((-28)/(-84)*(-9)/6). What is y(x)?
6
Let a(m) = 3*m - m + m - 2*m + 4 - 4*m. Let u = 56 + -53. Determine a(u).
-5
Let y(o) be the second derivative of o**5/20 + o**4 + 5*o**3/3 - 27*o**2/2 + 2808*o + 3. Calculate y(-11).
-16
Let h(o) = -o**3 - 2027*o - 11*o**2 + 4044*o + 4*o**2 - 2020*o + 4. Let j = -8 - -2. Give h(j).
-14
Let l = -36 - -37. Let d be (l + 1)*(1 - 22/4). Let p(o) = -o**2 - 7*o + 18. Let j be p(d). Let t(a) = a**3 + a**2 - 2. Calculate t(j).
-2
Let y(f) = f + 5. Let t = -20900 + 20902. What is y(t)?
7
Let z(v) = -v**3 + 6*v**2 - 4*v - 2. Suppose 150 = 2*m - m + 2*k, -k - 471 = -3*m. Let x = m + -151. Give z(x).
3
Let r(d) = -d**2 + d - 18. Let n be 1/(1/208) - (20 + -18). Let b = n - 206. Determine r(b).
-18
Let t(r) be the third derivative of r**6/120 - 13*r**5/60 - 5*r**4/8 + 7*r**3/2 - 229*r**2 - 2*r. Determine t(14).
7
Let r(i) = -27*i**3 - 64*i**2 - 2*i - 29. Let l(g) = -5*g**3 - 13*g**2 - 2*g - 6. Let a(f) = -11*l(f) + 2*r(f). Determine a(-13).
112
Let z be -3 + -1 + 5 + 1. Suppose -o + 5 + 3 = l, -z*o - 5*l + 25 = 0. Let y = o - 4. Let v(i) = -5*i + 1. Give v(y).
-4
Suppose -9*z = -12*z + 6. Let m(r) = 0 + 2*r + 4*r - 2 - z*r. What is m(2)?
6
Suppose y - 9 = 3*h, -y = 6*h - 3*h + 15. Let z be (24/(h/1))/(0 - -1). Let t(q) be the first derivative of q**3/3 + 2*q**2 + 8. Determine t(z).
12
Let c(u) = u**3 + 8*u